
What is the hundreds digit of 110938103?
1
What is the hundreds digit of 717106224?
2
What is the millions digit of 1385210967?
5
What is the hundred thousands digit of 2306768472?
7
What is the hundred millions digit of 286686171?
2
What is the thousands digit of 52963615?
3
What is the billions digit of 8787284307?
8
What is the tens digit of 343607830?
3
What is the hundred millions digit of 371318448?
3
What is the hundreds digit of 72207529?
5
What is the hundreds digit of 138312787?
7
What is the ten millions digit of 5543905020?
4
What is the thousands digit of 3917731319?
1
What is the thousands digit of 1057834337?
4
What is the hundreds digit of 2383217907?
9
What is the thousands digit of 208199703?
9
What is the ten millions digit of 6122370200?
2
What is the ten millions digit of 30602596?
3
What is the tens digit of 6641862307?
0
What is the tens digit of 77623494?
9
What is the tens digit of 877570942?
4
What is the hundreds digit of 609860371?
3
What is the hundred millions digit of 3272639808?
2
What is the ten millions digit of 129235523?
2
What is the millions digit of 1242749222?
2
What is the tens digit of 74303859?
5
What is the hundreds digit of 2876088096?
0
What is the hundred millions digit of 1111399058?
1
What is the thousands digit of 6866527463?
7
What is the units digit of 7460603401?
1
What is the ten thousands digit of 35612927?
1
What is the hundred millions digit of 184730479?
1
What is the ten millions digit of 440044255?
4
What is the units digit of 24646530?
0
What is the thousands digit of 289020714?
0
What is the ten thousands digit of 785515981?
1
What is the units digit of 831828059?
9
What is the hundred thousands digit of 43089020?
0
What is the tens digit of 97276528?
2
What is the ten millions digit of 225407339?
2
What is the thousands digit of 57838088?
8
What is the units digit of 464354640?
0
What is the units digit of 20570533?
3
What is the ten thousands digit of 90486651?
8
What is the ten thousands digit of 3503445696?
4
What is the hundred thousands digit of 13657579?
6
What is the tens digit of 176044239?
3
What is the hundred millions digit of 182503811?
1
What is the hundreds digit of 1544904623?
6
What is the units digit of 46424740?
0
What is the thousands digit of 375811325?
1
What is the hundreds digit of 42242758?
7
What is the tens digit of 1931291617?
1
What is the thousands digit of 147359053?
9
What is the millions digit of 423175477?
3
What is the ten thousands digit of 63662893?
6
What is the hundred millions digit of 140778167?
1
What is the ten thousands digit of 41383093?
8
What is the tens digit of 162764871?
7
What is the thousands digit of 220730898?
0
What is the ten millions digit of 135841178?
3
What is the tens digit of 322375684?
8
What is the ten millions digit of 509345565?
0
What is the thousands digit of 94030459?
0
What is the ten thousands digit of 48932805?
3
What is the hundred millions digit of 203097763?
2
What is the ten thousands digit of 453339776?
3
What is the ten thousands digit of 125710790?
1
What is the millions digit of 79733834?
9
What is the units digit of 6178171?
1
What is the ten millions digit of 87472461?
8
What is the hundreds digit of 55215671?
6
What is the millions digit of 260802698?
0
What is the ten millions digit of 677347117?
7
What is the millions digit of 735736174?
5
What is the units digit of 7371975?
5
What is the hundreds digit of 611867405?
4
What is the billions digit of 1279356536?
1
What is the tens digit of 18399736?
3
What is the tens digit of 205863764?
6
What is the thousands digit of 99576096?
6
What is the hundred millions digit of 612167687?
6
What is the millions digit of 1833957317?
3
What is the tens digit of 985899974?
7
What is the hundred millions digit of 475540042?
4
What is the ten thousands digit of 69047870?
4
What is the millions digit of 26039546?
6
What is the hundred millions digit of 393683427?
3
What is the hundreds digit of 2778932932?
9
What is the billions digit of 1322760444?
1
What is the ten millions digit of 63315972?
6
What is the ten thousands digit of 6872201311?
0
What is the thousands digit of 365618659?
8
What is the thousands digit of 83903467?
3
What is the ten thousands digit of 49288026?
8
What is the hundred millions digit of 336272834?
3
What is the hundreds digit of 133575489?
4
What is the units digit of 1893269510?
0
What is the hundred thousands digit of 125406655?
4
What is the ten millions digit of 364519693?
6
What is the hundred millions digit of 955874058?
9
What is the hundred thousands digit of 857299037?
2
What is the millions digit of 255997944?
5
What is the ten millions digit of 44263415?
4
What is the ten thousands digit of 1810568303?
6
What is the thousands digit of 5665517?
5
What is the thousands digit of 1167698802?
8
What is the tens digit of 1100870421?
2
What is the thousands digit of 1984993005?
3
What is the ten thousands digit of 3920620290?
2
What is the millions digit of 43737369?
3
What is the tens digit of 128405799?
9
What is the units digit of 68142997?
7
What is the millions digit of 2082846603?
2
What is the ten millions digit of 89268517?
8
What is the ten millions digit of 57899909?
5
What is the hundreds digit of 1089748788?
7
What is the hundred millions digit of 745686163?
7
What is the thousands digit of 241932981?
2
What is the units digit of 7072294?
4
What is the hundred millions digit of 112788969?
1
What is the millions digit of 435612999?
5
What is the thousands digit of 19290445?
0
What is the hundred millions digit of 600945053?
6
What is the units digit of 1494745478?
8
What is the ten millions digit of 36772105?
3
What is the millions digit of 461647400?
1
What is the units digit of 6069095323?
3
What is the hundred millions digit of 1699265298?
6
What is the ten thousands digit of 91445937?
4
What is the hundreds digit of 1642378001?
0
What is the thousands digit of 687735199?
5
What is the hundreds digit of 59235816?
8
What is the ten thousands digit of 61375264?
7
What is the millions digit of 18505196?
8
What is the millions digit of 115694452?
5
What is the hundred thousands digit of 80031683?
0
What is the hundreds digit of 54450029?
0
What is the ten thousands digit of 25106501?
0
What is the tens digit of 583872334?
3
What is the hundred millions digit of 1125698920?
1
What is the thousands digit of 2574757?
4
What is the ten millions digit of 3172594051?
7
What is the hundred thousands digit of 341136361?
1
What is the millions digit of 1573307175?
3
What is the hundreds digit of 119455369?
3
What is the tens digit of 1023594131?
3
What is the ten thousands digit of 1273645311?
4
What is the tens digit of 28759920?
2
What is the hundreds digit of 12417153?
1
What is the thousands digit of 4742664056?
4
What is the hundred thousands digit of 6182210668?
2
What is the millions digit of 149549344?
9
What is the thousands digit of 423859273?
9
What is the hundreds digit of 2305440526?
5
What is the units digit of 8649494?
4
What is the units digit of 214871207?
7
What is the thousands digit of 360384915?
4
What is the units digit of 128106154?
4
What is the ten thousands digit of 72680716?
8
What is the millions digit of 838046064?
8
What is the millions digit of 6986617692?
6
What is the hundred millions digit of 119797597?
1
What is the ten thousands digit of 220398492?
9
What is the thousands digit of 401994419?
4
What is the hundred millions digit of 507353372?
5
What is the ten thousands digit of 67532120?
3
What is the units digit of 37130460?
0
What is the hundreds digit of 1079176056?
0
What is the ten thousands digit of 2753578079?
7
What is the ten thousands digit of 91670897?
7
What is the hundred thousands digit of 21196388?
1
What is the hundred millions digit of 548829520?
5
What is the hundreds digit of 50930068?
0
What is the tens digit of 37517167?
6
What is the units digit of 100824025?
5
What is the tens digit of 212717701?
0
What is the tens digit of 1647590625?
2
What is the units digit of 226089495?
5
What is the hundreds digit of 28813200?
2
What is the ten thousands digit of 6885785?
8
What is the hundred thousands digit of 1894529145?
5
What is the units digit of 4207082836?
6
What is the uni